{"id":52158,"date":"2025-09-06T12:31:08","date_gmt":"2025-09-06T12:31:08","guid":{"rendered":"https:\/\/www.alfa.web.tr\/petoil\/?page_id=52158"},"modified":"2026-01-21T08:41:06","modified_gmt":"2026-01-21T08:41:06","slug":"grup-sirketleri","status":"publish","type":"page","link":"https:\/\/www.alfa.web.tr\/petoil\/grup-sirketleri\/","title":{"rendered":"Grup \u015eirketleri"},"content":{"rendered":"\t\t<div data-elementor-type=\"wp-page\" data-elementor-id=\"52158\" class=\"elementor elementor-52158\">\n\t\t\t\t<div class=\"elementor-element elementor-element-3661c9bd e-flex e-con-boxed e-con e-parent\" data-id=\"3661c9bd\" data-element_type=\"container\">\n\t\t\t\t\t<div class=\"e-con-inner\">\n\t\t\t\t<div class=\"elementor-element elementor-element-2e56fd11 elementor-widget elementor-widget-text-editor\" data-id=\"2e56fd11\" data-element_type=\"widget\" data-widget_type=\"text-editor.default\">\n\t\t\t\t<div class=\"elementor-widget-container\">\n\t\t\t\t\t\t\t\t\t<div class=\"elementor-element elementor-element-dea5c7c e-flex e-con-boxed e-con e-parent e-lazyloaded\" data-id=\"dea5c7c\" data-element_type=\"container\"><div class=\"e-con-inner\"><div class=\"elementor-element elementor-element-6c0e7c5 e-con-full e-flex e-con e-child\" data-id=\"6c0e7c5\" data-element_type=\"container\"><div class=\"elementor-element elementor-element-d38a718 elementor-widget elementor-widget-text-editor\" data-id=\"d38a718\" data-element_type=\"widget\" data-widget_type=\"text-editor.default\"><div class=\"elementor-widget-container\"><p>\u0130\u015ftiraklerimiz arac\u0131l\u0131\u011f\u0131yla, kuruldu\u011fumuz g\u00fcnden bu yana ticaret, in\u015faat, petrol ve maden \u00fcretimi alan\u0131ndaki \u00e7al\u0131\u015fmalar\u0131m\u0131z\u0131 titizlik, tecr\u00fcbe ve bilgi birikimi ile g\u00fcven in\u015fa ederek d\u00fcnyan\u0131n farkl\u0131 b\u00f6lgelerinde farkl\u0131 projelerle devam ettirmekteyiz. Pet \u015eirketleri bug\u00fcn T\u00fcrkiye\u2019nin pek \u00e7ok b\u00f6lgesinde ve Kuzey Irak\u2019ta, d\u00fcnyan\u0131n \u00e7ok farkl\u0131 \u00fclkelerinden ve b\u00f6lgelerinden ortakl\u0131klar kurarak b\u00fcy\u00fck bir cesaret ve ba\u015far\u0131yla \u00e7al\u0131\u015fmakta, her ge\u00e7en sene faaliyet alanlar\u0131n\u0131n ve aktivitelerinin \u00f6l\u00e7e\u011fini geni\u015fletmektedir.<\/p><\/div><\/div><\/div><div class=\"elementor-element elementor-element-a5afa02 e-con-full e-flex e-con e-child\" data-id=\"a5afa02\" data-element_type=\"container\"><\/div><\/div><\/div><div class=\"elementor-element elementor-element-79c65fe e-flex e-con-boxed e-con e-parent e-lazyloaded\" data-id=\"79c65fe\" data-element_type=\"container\"><div class=\"e-con-inner\"><div class=\"elementor-element elementor-element-7841595 e-con-full e-flex e-con e-child\" data-id=\"7841595\" data-element_type=\"container\"><div class=\"elementor-element elementor-element-d6c585b elementor-widget elementor-widget-text-editor\" data-id=\"d6c585b\" data-element_type=\"widget\" data-widget_type=\"text-editor.default\"><div class=\"elementor-widget-container\"><p><img decoding=\"async\" src=\"https:\/\/www.alfa.web.tr\/petholding\/wp-content\/uploads\/2022\/08\/LOGO-300x102.webp\" alt=\"\" width=\"300\" height=\"102\" class=\"alignnone wp-image-52669 size-medium\" srcset=\"https:\/\/www.petholding.com.tr\/wp-content\/uploads\/2022\/08\/LOGO-300x102.webp 300w, https:\/\/www.petholding.com.tr\/wp-content\/uploads\/2022\/08\/LOGO-1024x348.webp 1024w, https:\/\/www.petholding.com.tr\/wp-content\/uploads\/2022\/08\/LOGO-768x261.webp 768w, https:\/\/www.petholding.com.tr\/wp-content\/uploads\/2022\/08\/LOGO-1536x522.webp 1536w, https:\/\/www.petholding.com.tr\/wp-content\/uploads\/2022\/08\/LOGO-2048x696.webp 2048w\" sizes=\"(max-width: 300px) 100vw, 300px\" \/><\/p><p><span>Pet Holding 1974 y\u0131l\u0131nda Ankara\u2019da, Prof. Dr. G\u00fcntekin K\u00f6ksal taraf\u0131ndan Pet Ticaret B\u00fcrosu ad\u0131 alt\u0131nda kurulmu\u015ftur. Ad\u0131n\u0131 petrol kelimesinin ilk \u00fc\u00e7 harfinden alan Pet Holding, kuruldu\u011fu g\u00fcnden g\u00fcn\u00fcm\u00fcze, d\u00fcnyan\u0131n pek \u00e7ok farkl\u0131 b\u00f6lgesinde petrol arama ve \u00fcretimi, madencilik, in\u015faat, turizm gibi farkl\u0131 alanlarda ba\u015far\u0131l\u0131 projeler tamamlam\u0131\u015ft\u0131r. Ulusal ve uluslararas\u0131 pek \u00e7ok ortakl\u0131\u011f\u0131 bulunan \u015firketimiz, T\u00fcrkiye, Orta Do\u011fu, Orta Asya, Avrupa ve Afrika\u2019da \u00e7al\u0131\u015fm\u0131\u015f ve halen \u00e7al\u0131\u015fmakta olup d\u00fcnyan\u0131n 7 k\u0131tas\u0131ndan ortakl\u0131klar kurmaktad\u0131r. Uluslararas\u0131 k\u00fclt\u00fcr\u00fc, i\u015f ahlak\u0131, d\u00fcr\u00fcstl\u00fc\u011f\u00fc, kazan-kazan ilkesini benimsemi\u015fli\u011fi ve insana verdi\u011fi de\u011fer ile Pet Holding, T\u00fcrkiye\u2019nin ve d\u00fcnyan\u0131n sayg\u0131 duydu\u011fu firmalardan biri olmu\u015ftur. Pet Holding ilk olmaktan \u00e7ekinmeyen, risk alabilen, \u00f6nc\u00fc bir kurulu\u015ftur.<\/span><\/p><\/div><\/div><\/div><div class=\"elementor-element elementor-element-e743dc4 e-con-full e-flex e-con e-child\" data-id=\"e743dc4\" data-element_type=\"container\"><\/div><\/div><\/div><div class=\"elementor-element elementor-element-3df00b4 e-flex e-con-boxed e-con e-parent e-lazyloaded\" data-id=\"3df00b4\" data-element_type=\"container\"><div class=\"e-con-inner\"><div class=\"elementor-element elementor-element-e28be19 e-con-full e-flex e-con e-child\" data-id=\"e28be19\" data-element_type=\"container\"><div class=\"elementor-element elementor-element-22fe650 elementor-widget elementor-widget-text-editor\" data-id=\"22fe650\" data-element_type=\"widget\" data-widget_type=\"text-editor.default\"><div class=\"elementor-widget-container\"><p><img decoding=\"async\" src=\"https:\/\/www.alfa.web.tr\/petoil\/en\/wp-content\/uploads\/2026\/01\/logo-1-copy-300x107.webp\" alt=\"\" width=\"300\" height=\"107\" class=\"alignnone size-medium wp-image-52644\" \/><\/p><p>Ana i\u015f sahas\u0131 petrol arama ve \u00fcretimi olan Petoil, T\u00fcrkiye, A.B.D., Kazakistan, Azerbaycan, Kuzey Irak ve Yemen\u2019de petrol sahalar\u0131 alarak 1990 y\u0131l\u0131ndan beri faaliyet g\u00f6stermektedir. Halen Kuzey Irak\u2019ta \u00e7al\u0131\u015fmalar devam etmektedir. Afrika, Ortado\u011fu, Orta Asya ve Arap Yar\u0131madas\u0131\u2019nda \u00e7ok \u00e7e\u015fitli b\u00f6lgelerde \u00e7al\u0131\u015fmalar y\u00fcr\u00fctmektedir.<\/p><\/div><\/div><\/div><div class=\"elementor-element elementor-element-2e92833 e-con-full e-flex e-con e-child\" data-id=\"2e92833\" data-element_type=\"container\"><\/div><\/div><\/div><div class=\"elementor-element elementor-element-6810baa e-flex e-con-boxed e-con e-parent e-lazyloaded\" data-id=\"6810baa\" data-element_type=\"container\"><div class=\"e-con-inner\"><div class=\"elementor-element elementor-element-e675879 e-con-full e-flex e-con e-child\" data-id=\"e675879\" data-element_type=\"container\"><div class=\"elementor-element elementor-element-2e974b6 elementor-widget elementor-widget-text-editor\" data-id=\"2e974b6\" data-element_type=\"widget\" data-widget_type=\"text-editor.default\"><div class=\"elementor-widget-container\"><p><img loading=\"lazy\" loading=\"lazy\" decoding=\"async\" src=\"https:\/\/www.alfa.web.tr\/petholding\/wp-content\/uploads\/2024\/10\/grup-3-300x104-2.webp\" alt=\"\" width=\"300\" height=\"104\" class=\"alignnone wp-image-52705 size-full\" \/><\/p><p>1989 y\u0131l\u0131nda kurulan Petkontur, anahtar teslimi olarak yap\u0131m\u0131n\u0131 \u00fcstlendi\u011fi 500 yatakl\u0131 Novokuznetsk Genel Cerrahi Hastanesi in\u015faat\u0131 ile Sibirya\u2019da ilk T\u00fcrk \u015firketi olma \u00f6zelli\u011fi ta\u015f\u0131maktad\u0131r. Ba\u015fta BDT ve Almanya olmak \u00fczere, projelendirme safhas\u0131ndan anahtar teslimi sa\u011fl\u0131k kurulu\u015flar\u0131 (hastane, poliklinik, diyaliz merkezi, k\u00fcr merkezi), sanayi tesisleri (deri, deri konfeksiyon, ekmek fabrikas\u0131, f\u0131nd\u0131k i\u015fleme fabrikalar\u0131), konut kompleksleri, mahalleler, tarihi binalar\u0131n onar\u0131m ve yenileme i\u015flemleri, tatil sitesi (Petya Tatil Sitesi) ve teknolojik in\u015faatlar yapm\u0131\u015ft\u0131r.<\/p><p>Akdeniz ve Ege\u2019de projeler geli\u015ftirmi\u015f, arsa geli\u015ftirme ve in\u015faat konular\u0131nda \u00e7al\u0131\u015fm\u0131\u015ft\u0131r. T\u00fcrkiye\u2019nin \u00e7ok farkl\u0131 b\u00f6lgelerinde \u00e7ok farkl\u0131 arsalarda geli\u015ftirme projeleri y\u00fcr\u00fctmektedir.<\/p><\/div><\/div><\/div><div class=\"elementor-element elementor-element-4a7213a e-con-full e-flex e-con e-child\" data-id=\"4a7213a\" data-element_type=\"container\"><\/div><\/div><\/div><div class=\"elementor-element elementor-element-4562dc0 e-flex e-con-boxed e-con e-parent e-lazyloaded\" data-id=\"4562dc0\" data-element_type=\"container\"><div class=\"e-con-inner\"><div class=\"elementor-element elementor-element-ce505b5 e-con-full e-flex e-con e-child\" data-id=\"ce505b5\" data-element_type=\"container\"><div class=\"elementor-element elementor-element-3ece0dc elementor-widget elementor-widget-text-editor\" data-id=\"3ece0dc\" data-element_type=\"widget\" data-widget_type=\"text-editor.default\"><div class=\"elementor-widget-container\"><p><img loading=\"lazy\" loading=\"lazy\" decoding=\"async\" src=\"https:\/\/www.alfa.web.tr\/petholding\/wp-content\/uploads\/2025\/01\/grup4-kopya-300x104.webp\" alt=\"\" width=\"300\" height=\"104\" class=\"alignnone wp-image-53309 size-medium\" srcset=\"https:\/\/www.petholding.com.tr\/wp-content\/uploads\/2025\/01\/grup4-kopya-300x104.webp 300w, https:\/\/www.petholding.com.tr\/wp-content\/uploads\/2025\/01\/grup4-kopya.webp 350w\" sizes=\"auto, (max-width: 300px) 100vw, 300px\" \/><\/p><p><span>2023 y\u0131l\u0131nda kurulan Merks Investments Limited \u015firketi Birle\u015fik Krall\u0131k\u2019ta yat\u0131r\u0131m yapmak \u00fczere faaliyetlerine ba\u015flam\u0131\u015ft\u0131r.<\/span><\/p><\/div><\/div><\/div><\/div><\/div>\t\t\t\t\t\t\t\t<\/div>\n\t\t\t\t<\/div>\n\t\t\t\t\t<\/div>\n\t\t\t\t<\/div>\n\t\t\t\t<\/div>\n\t\t","protected":false},"excerpt":{"rendered":"<p>\u0130\u015ftiraklerimiz arac\u0131l\u0131\u011f\u0131yla, kuruldu\u011fumuz g\u00fcnden bu yana ticaret, in\u015faat, petrol ve maden \u00fcretimi alan\u0131ndaki \u00e7al\u0131\u015fmalar\u0131m\u0131z\u0131 titizlik, tecr\u00fcbe ve bilgi birikimi ile&#8230;<\/p>\n","protected":false},"author":1,"featured_media":0,"parent":0,"menu_order":0,"comment_status":"closed","ping_status":"closed","template":"","meta":{"footnotes":""},"class_list":["post-52158","page","type-page","status-publish","hentry"],"_links":{"self":[{"href":"https:\/\/www.alfa.web.tr\/petoil\/wp-json\/wp\/v2\/pages\/52158","targetHints":{"allow":["GET"]}}],"collection":[{"href":"https:\/\/www.alfa.web.tr\/petoil\/wp-json\/wp\/v2\/pages"}],"about":[{"href":"https:\/\/www.alfa.web.tr\/petoil\/wp-json\/wp\/v2\/types\/page"}],"author":[{"embeddable":true,"href":"https:\/\/www.alfa.web.tr\/petoil\/wp-json\/wp\/v2\/users\/1"}],"replies":[{"embeddable":true,"href":"https:\/\/www.alfa.web.tr\/petoil\/wp-json\/wp\/v2\/comments?post=52158"}],"version-history":[{"count":6,"href":"https:\/\/www.alfa.web.tr\/petoil\/wp-json\/wp\/v2\/pages\/52158\/revisions"}],"predecessor-version":[{"id":52500,"href":"https:\/\/www.alfa.web.tr\/petoil\/wp-json\/wp\/v2\/pages\/52158\/revisions\/52500"}],"wp:attachment":[{"href":"https:\/\/www.alfa.web.tr\/petoil\/wp-json\/wp\/v2\/media?parent=52158"}],"curies":[{"name":"wp","href":"https:\/\/api.w.org\/{rel}","templated":true}]}}