{"id":51761,"date":"2024-10-17T11:48:33","date_gmt":"2024-10-17T11:48:33","guid":{"rendered":"https:\/\/www.alfa.web.tr\/petoil\/?page_id=51761"},"modified":"2026-01-28T13:22:49","modified_gmt":"2026-01-28T13:22:49","slug":"saglik-emniyet-cevre","status":"publish","type":"page","link":"https:\/\/www.alfa.web.tr\/petoil\/kurumsal\/saglik-emniyet-cevre\/","title":{"rendered":"Sa\u011fl\u0131k, G\u00fcvenlik ve \u00c7evre"},"content":{"rendered":"\t\t<div data-elementor-type=\"wp-page\" data-elementor-id=\"51761\" class=\"elementor elementor-51761\">\n\t\t\t\t<div class=\"elementor-element elementor-element-d557d85 e-flex e-con-boxed e-con e-parent\" data-id=\"d557d85\" data-element_type=\"container\">\n\t\t\t\t\t<div class=\"e-con-inner\">\n\t\t\t\t<div class=\"elementor-element elementor-element-762a965 elementor-widget elementor-widget-text-editor\" data-id=\"762a965\" data-element_type=\"widget\" data-widget_type=\"text-editor.default\">\n\t\t\t\t<div class=\"elementor-widget-container\">\n\t\t\t\t\t\t\t\t\t<p>Petoil, insani, ekonomik ve yasal nedenlerle i\u015f sa\u011fl\u0131\u011f\u0131, g\u00fcvenli\u011fi ve \u00e7evre korumas\u0131na \u00f6ncelik verir.<\/p><p>Petoil&#8217;in sa\u011fl\u0131k, g\u00fcvenlik ve \u00e7evre politikas\u0131n\u0131n temel ilkesi, saha y\u00f6netiminin g\u00fcvenli \u00e7al\u0131\u015fma y\u00f6ntemleri ve ortamlar\u0131 sa\u011flamaktan do\u011frudan sorumlu olmas\u0131d\u0131r. Bireylerin sa\u011fl\u0131\u011f\u0131 ve g\u00fcvenli\u011fi \u00f6nceliklidir.<\/p><p>Petoil, sa\u011flam \u00e7evre y\u00f6netimi uygulamalar\u0131 hayata ge\u00e7irerek, arama, \u00fcretim ve operasyonlarla ili\u015fkili olas\u0131 olumsuz etkilerin \u00f6nlenebilece\u011fini veya etkili bir \u015fekilde azalt\u0131labilece\u011fini kabul eder.<\/p><p>Sa\u011fl\u0131k, g\u00fcvenlik ve \u00e7evre politikas\u0131n\u0131n ba\u015far\u0131l\u0131 bir \u015fekilde uygulanmas\u0131, t\u00fcm y\u00f6netim kademelerinin sars\u0131lmaz deste\u011fini ve \u00e7al\u0131\u015fanlar\u0131n kat\u0131l\u0131m\u0131n\u0131 gerektirir. Her bir sorumlu bireyin kendi rol\u00fcn\u00fc \u00fcstlenmesi beklenir.<\/p><p>Petoil, sa\u011fl\u0131k, g\u00fcvenlik ve \u00e7evre politikalar\u0131n\u0131n uygulanmas\u0131nda t\u00fcm kademelerdeki \u00e7al\u0131\u015fanlar\u0131n tam i\u015fbirli\u011fini bekler ve talep eder.<\/p>\t\t\t\t\t\t\t\t<\/div>\n\t\t\t\t<\/div>\n\t\t\t\t\t<\/div>\n\t\t\t\t<\/div>\n\t\t<div class=\"elementor-element elementor-element-9c764c5 e-flex e-con-boxed e-con e-parent\" data-id=\"9c764c5\" data-element_type=\"container\">\n\t\t\t\t\t<div class=\"e-con-inner\">\n\t\t\t\t<div class=\"elementor-element elementor-element-c6046eb elementor-widget elementor-widget-text-editor\" data-id=\"c6046eb\" data-element_type=\"widget\" data-widget_type=\"text-editor.default\">\n\t\t\t\t<div class=\"elementor-widget-container\">\n\t\t\t\t\t\t\t\t\t<p><strong>\u0130nsani<\/strong><\/p><ul><li>\u00c7al\u0131\u015fanlara, g\u00fcvenli ve emniyetli \u00e7al\u0131\u015fma ortam\u0131 sa\u011flanmal\u0131d\u0131r.<\/li><li>\u00c7evre ve \u00e7evre d\u00fczenlemesi, bireyin ya\u015fam kalitesini ve huzurunu etkileyen fakt\u00f6rler olarak kabul edilmektedir.<\/li><\/ul><p><strong>Ekonomik<\/strong><\/p><ul><li>\u00c7evreye verilen \u00f6nem ile, bireylerin sa\u011fl\u0131\u011f\u0131 ve emniyeti ve olas\u0131 kazalar\u0131n \u00f6nlenmesi i\u00e7in gerekli tedbirlerin al\u0131nmas\u0131, hem firmaya hem de \u00e7al\u0131\u015fanlara ekonomik de\u011fer sa\u011flayacakt\u0131r.<\/li><\/ul><p><strong>Hukuki<\/strong><\/p><ul><li>T\u00fcrkiye Cumhuriyeti \u0130\u015f Kanunlar\u0131 esas al\u0131nmaktad\u0131r. Petoil&#8217;in faaliyet g\u00f6sterdi\u011fi \u00fclkelerin kanun ve y\u00f6netmelikleri de benzer uygulamalar\u0131 zorunlu k\u0131lmaktad\u0131r.<\/li><li>\u0130darenin her kademesinin, g\u00fcvenli i\u015f ko\u015fullar\u0131 ile emniyetli ve sa\u011fl\u0131kl\u0131 bir \u00e7evre sa\u011flamadaki sorumlulu\u011fu Petoil&#8217;in Sa\u011fl\u0131k Emniyet ve \u00c7evre politikalar\u0131n\u0131n temel prensiplerinden biridir. Bireylerin sa\u011fl\u0131k ve g\u00fcvenlikleri Petoil&#8217;in birinci \u00f6nceli\u011fidir. Petoil, do\u011fru bir \u00e7evresel i\u015fletme anlay\u0131\u015f\u0131yla, arama, \u00fcretim ve operasyonlar esnas\u0131nda \u00e7evreye verilebilecek zarar\u0131 ortadan kald\u0131rma veya en aza indirme sorumlulu\u011funun fark\u0131ndad\u0131r.<\/li><li>Sa\u011fl\u0131k, emniyet ve \u00e7evre politikalar\u0131n\u0131n uygulanmas\u0131, t\u00fcm \u00e7al\u0131\u015fanlar\u0131n gayreti ve bu sorumluluklar\u0131n bilincinde olmay\u0131 gerektirir.<\/li><li>Petoil, bu politikalar\u0131n uygulanmas\u0131nda t\u00fcm \u00e7al\u0131\u015fanlar\u0131n i\u015fbirli\u011fi i\u00e7inde olmas\u0131n\u0131 beklemektedir.<\/li><\/ul>\t\t\t\t\t\t\t\t<\/div>\n\t\t\t\t<\/div>\n\t\t\t\t\t<\/div>\n\t\t\t\t<\/div>\n\t\t\t\t<\/div>\n\t\t","protected":false},"excerpt":{"rendered":"<p>Petoil, insani, ekonomik ve yasal nedenlerle i\u015f sa\u011fl\u0131\u011f\u0131, g\u00fcvenli\u011fi ve \u00e7evre korumas\u0131na \u00f6ncelik verir. Petoil&#8217;in sa\u011fl\u0131k, g\u00fcvenlik ve \u00e7evre politikas\u0131n\u0131n&#8230;<\/p>\n","protected":false},"author":1,"featured_media":0,"parent":50978,"menu_order":0,"comment_status":"closed","ping_status":"closed","template":"","meta":{"footnotes":""},"class_list":["post-51761","page","type-page","status-publish","hentry"],"_links":{"self":[{"href":"https:\/\/www.alfa.web.tr\/petoil\/wp-json\/wp\/v2\/pages\/51761","targetHints":{"allow":["GET"]}}],"collection":[{"href":"https:\/\/www.alfa.web.tr\/petoil\/wp-json\/wp\/v2\/pages"}],"about":[{"href":"https:\/\/www.alfa.web.tr\/petoil\/wp-json\/wp\/v2\/types\/page"}],"author":[{"embeddable":true,"href":"https:\/\/www.alfa.web.tr\/petoil\/wp-json\/wp\/v2\/users\/1"}],"replies":[{"embeddable":true,"href":"https:\/\/www.alfa.web.tr\/petoil\/wp-json\/wp\/v2\/comments?post=51761"}],"version-history":[{"count":23,"href":"https:\/\/www.alfa.web.tr\/petoil\/wp-json\/wp\/v2\/pages\/51761\/revisions"}],"predecessor-version":[{"id":52507,"href":"https:\/\/www.alfa.web.tr\/petoil\/wp-json\/wp\/v2\/pages\/51761\/revisions\/52507"}],"up":[{"embeddable":true,"href":"https:\/\/www.alfa.web.tr\/petoil\/wp-json\/wp\/v2\/pages\/50978"}],"wp:attachment":[{"href":"https:\/\/www.alfa.web.tr\/petoil\/wp-json\/wp\/v2\/media?parent=51761"}],"curies":[{"name":"wp","href":"https:\/\/api.w.org\/{rel}","templated":true}]}}