{"id":51753,"date":"2024-10-17T11:47:59","date_gmt":"2024-10-17T11:47:59","guid":{"rendered":"https:\/\/www.alfa.web.tr\/petoil\/?page_id=51753"},"modified":"2026-02-09T08:32:51","modified_gmt":"2026-02-09T08:32:51","slug":"vizyon-misyon-ve-degerlerimiz","status":"publish","type":"page","link":"https:\/\/www.alfa.web.tr\/petoil\/kurumsal\/vizyon-misyon-ve-degerlerimiz\/","title":{"rendered":"De\u011ferlerimiz"},"content":{"rendered":"\t\t<div data-elementor-type=\"wp-page\" data-elementor-id=\"51753\" class=\"elementor elementor-51753\">\n\t\t\t\t<div class=\"elementor-element elementor-element-484e02b e-flex e-con-boxed e-con e-parent\" data-id=\"484e02b\" data-element_type=\"container\">\n\t\t\t\t\t<div class=\"e-con-inner\">\n\t\t<div class=\"elementor-element elementor-element-855f519 e-con-full e-flex e-con e-child\" data-id=\"855f519\" data-element_type=\"container\">\n\t\t\t\t<div class=\"elementor-element elementor-element-12c5311 elementor-widget elementor-widget-text-editor\" data-id=\"12c5311\" data-element_type=\"widget\" data-widget_type=\"text-editor.default\">\n\t\t\t\t<div class=\"elementor-widget-container\">\n\t\t\t\t\t\t\t\t\t<p><b>V\u0130ZYON<\/b><br \/>Sayg\u0131n, dinamik, \u015feffaf, g\u00fcvenilir, de\u011ferini koruyan ve artt\u0131ran, ayn\u0131 zamanda sosyal ve \u00e7evresel sorumluluklar\u0131n\u0131n bilincinde, istikrarl\u0131 bir arama ve \u00fcretim firmas\u0131 olmay\u0131 s\u00fcrd\u00fcrmek.<\/p><p><b>M\u0130SYON<\/b><br \/>Ulusal ve uluslararas\u0131 alanlarda, ilke ve de\u011ferlerimizden taviz vermeden, \u00f6nc\u00fc ve cesur yat\u0131r\u0131mlarla, hissedarlar\u0131m\u0131z, \u00e7al\u0131\u015fanlar\u0131m\u0131z ve i\u015f ortaklar\u0131m\u0131z i\u00e7in gelir ve gelecek sa\u011flamak.<\/p>\t\t\t\t\t\t\t\t<\/div>\n\t\t\t\t<\/div>\n\t\t\t\t<\/div>\n\t\t\t\t\t<\/div>\n\t\t\t\t<\/div>\n\t\t<div class=\"elementor-element elementor-element-4d54b05 e-flex e-con-boxed e-con e-parent\" data-id=\"4d54b05\" data-element_type=\"container\">\n\t\t\t\t\t<div class=\"e-con-inner\">\n\t\t\t\t<div class=\"elementor-element elementor-element-2e8c9ea elementor-widget elementor-widget-image\" data-id=\"2e8c9ea\" data-element_type=\"widget\" data-widget_type=\"image.default\">\n\t\t\t\t<div class=\"elementor-widget-container\">\n\t\t\t\t\t\t\t\t\t\t\t\t\t\t\t<img fetchpriority=\"high\" decoding=\"async\" width=\"704\" height=\"963\" src=\"https:\/\/www.alfa.web.tr\/petoil\/wp-content\/uploads\/2026\/02\/petholding-sunum-TURKCE-003_Page6-kopya-1-2.jpg\" class=\"attachment-full size-full wp-image-52518\" alt=\"\" srcset=\"https:\/\/www.alfa.web.tr\/petoil\/wp-content\/uploads\/2026\/02\/petholding-sunum-TURKCE-003_Page6-kopya-1-2.jpg 704w, https:\/\/www.alfa.web.tr\/petoil\/wp-content\/uploads\/2026\/02\/petholding-sunum-TURKCE-003_Page6-kopya-1-2-219x300.jpg 219w\" sizes=\"(max-width: 704px) 100vw, 704px\" \/>\t\t\t\t\t\t\t\t\t\t\t\t\t\t\t<\/div>\n\t\t\t\t<\/div>\n\t\t\t\t\t<\/div>\n\t\t\t\t<\/div>\n\t\t\t\t<\/div>\n\t\t","protected":false},"excerpt":{"rendered":"<p>V\u0130ZYONSayg\u0131n, dinamik, \u015feffaf, g\u00fcvenilir, de\u011ferini koruyan ve artt\u0131ran, ayn\u0131 zamanda sosyal ve \u00e7evresel sorumluluklar\u0131n\u0131n bilincinde, istikrarl\u0131 bir arama ve \u00fcretim&#8230;<\/p>\n","protected":false},"author":1,"featured_media":0,"parent":50978,"menu_order":0,"comment_status":"closed","ping_status":"closed","template":"","meta":{"footnotes":""},"class_list":["post-51753","page","type-page","status-publish","hentry"],"_links":{"self":[{"href":"https:\/\/www.alfa.web.tr\/petoil\/wp-json\/wp\/v2\/pages\/51753","targetHints":{"allow":["GET"]}}],"collection":[{"href":"https:\/\/www.alfa.web.tr\/petoil\/wp-json\/wp\/v2\/pages"}],"about":[{"href":"https:\/\/www.alfa.web.tr\/petoil\/wp-json\/wp\/v2\/types\/page"}],"author":[{"embeddable":true,"href":"https:\/\/www.alfa.web.tr\/petoil\/wp-json\/wp\/v2\/users\/1"}],"replies":[{"embeddable":true,"href":"https:\/\/www.alfa.web.tr\/petoil\/wp-json\/wp\/v2\/comments?post=51753"}],"version-history":[{"count":29,"href":"https:\/\/www.alfa.web.tr\/petoil\/wp-json\/wp\/v2\/pages\/51753\/revisions"}],"predecessor-version":[{"id":52521,"href":"https:\/\/www.alfa.web.tr\/petoil\/wp-json\/wp\/v2\/pages\/51753\/revisions\/52521"}],"up":[{"embeddable":true,"href":"https:\/\/www.alfa.web.tr\/petoil\/wp-json\/wp\/v2\/pages\/50978"}],"wp:attachment":[{"href":"https:\/\/www.alfa.web.tr\/petoil\/wp-json\/wp\/v2\/media?parent=51753"}],"curies":[{"name":"wp","href":"https:\/\/api.w.org\/{rel}","templated":true}]}}